{"id":15,"date":"2021-08-17T18:15:40","date_gmt":"2021-08-17T18:15:40","guid":{"rendered":"https:\/\/launet.ch\/wp_slrgkreuzlingen\/?page_id=15"},"modified":"2021-09-09T19:00:57","modified_gmt":"2021-09-09T19:00:57","slug":"geschichte","status":"publish","type":"page","link":"https:\/\/launet.ch\/wp_slrgkreuzlingen\/geschichte\/","title":{"rendered":"Geschichte"},"content":{"rendered":"\n<p>Die &#8222;Ur&#8220;-Geschichte der SLRG Sektion Kreuzlingen<\/p>\n\n\n\n<p>Der nachfolgende Text wurde im 1993 durch unseren damaligen Aktuar, Werner R\u00fcegg anl\u00e4sslich unseres 25-j\u00e4hrigen Jubil\u00e4ums verfasst<\/p>\n\n\n\n<p>&#8222;62&#8220; Ortschaften in der Schweiz kannten bisher die eigene Organisation einer Lebensrettungs-Gesellschaft, deren Mit\u00adglieder das Ziel haben, dank einer gr\u00fcndlichen Ausbildung stets einsatzbereit zu sein, wo es Menschen zu retten gilt. Seit Samstagabend ist die L\u00fccke am Schweizer Ufer des Bodensees geschlossen, denn neben<\/p>\n\n\n\n<p>Rorschach, Arbon und Ro\u00admanshorn hatte Kreuzlingen das Rettungswesen noch nicht organisiert. Der Initiative des Kantonspolizisten Ernst Hoppeler &#8211; der auch in Arbon Gr\u00fcnder einer Sektion war &#8211; ist es zu verdanken, dass sich am westlichen Ufer des Bodensees als 63. Verein der Schweiz eine Sektion der Schweizerischen Lebensrettungs-Gesellschaft SLRG konstituieren konnte. Sie er\u00adg\u00e4nzt damit auch das Team, das in Konstanz (DLRG) ihren Dienst verrichtet.<\/p>\n\n\n\n<p>So stand es geschrieben in einem Artikel der Thurgauer Zeitung vom 21. Oktober 1968. Damit war die SLRG Sektion Kreuzlingen (Gr\u00fcndungsversammlung am 19. Oktober 1968) aus der Taufe gehoben!<\/p>\n\n\n\n<div class=\"wp-block-image\"><figure class=\"aligncenter size-full\"><img loading=\"lazy\" decoding=\"async\" width=\"800\" height=\"400\" src=\"https:\/\/launet.ch\/wp_slrgkreuzlingen\/wp-content\/uploads\/2021\/09\/Geschichte1.png\" alt=\"\" class=\"wp-image-118\" srcset=\"https:\/\/launet.ch\/wp_slrgkreuzlingen\/wp-content\/uploads\/2021\/09\/Geschichte1.png 800w, https:\/\/launet.ch\/wp_slrgkreuzlingen\/wp-content\/uploads\/2021\/09\/Geschichte1-300x150.png 300w, https:\/\/launet.ch\/wp_slrgkreuzlingen\/wp-content\/uploads\/2021\/09\/Geschichte1-768x384.png 768w\" sizes=\"auto, (max-width: 800px) 100vw, 800px\" \/><\/figure><\/div>\n\n\n\n<p>Der Initiative von Ernst Hoppeler, ge\u00adnannt &#8222;Hoppi&#8220;, seit der Gr\u00fcndung als Technischer Leiter der Sektion amtierend, war es auch zu verdanken, dass immer wieder Mitmenschen f\u00fcr diese Idee und somit f\u00fcr unsere Brevet-Kurse gewonnen werden konnten. Dies dank einer fast pausenlosen Kurs- und Trainingsaktivit\u00e4t, aber auch dank sehr abwechslungs\u00adreichen und originell gestalteten Jahres\u00adprogrammen. Die ver\u00adschiedenen Besuche bei der Seepolizei in Z\u00fcrich, der Flugha\u00adfenfeuerwehr in Kloten mit anschliessender Fahrt zum Win\u00adzerfest in Hallau oder auch der Brauerei Falken in Schaff\u00adhausen sind nur ein paar Stichw\u00f6rter, die bei unseren \u00e4lteren Mitgliedern sicher einige Erinnerungen wach werden lassen\u2026.<\/p>\n\n\n\n<p>Es gab jedoch auch verschiedene Probleme zu l\u00f6sen, etwa beim Bau bzw. Ausbau unseres Clubraumes im Schwimmbad, der durch ein Missverst\u00e4ndnis zwischen dem damaligen Ba\u00addemeister Hermann Giger und einiger unserer Mitglieder erst richtig in Gang gekommen war\u2026. oder 1973, als nach inter\u00adnen Unstimmigkeiten und Meinungsverschiedenheiten prak\u00adtisch der ganze Vorstand zur\u00fccktrat und neu bestellt wer\u00adden musste.<\/p>\n\n\n\n<p>Schwierigkeiten bereitete auch der zu diesem Zeitpunkt mangelhafte Trainingsbesuch; manchmal erschien nur gerade eine Handvoll zum w\u00f6chentlichen Training. Der eiserne Durchhaltewillen einiger weniger hat sich schliesslich doch gelohnt.<br>Nach der Er\u00f6ffnung des Hallenbades \u201eEgelsee&#8220; der Schulge\u00admeinde im Jahre 1974 und dem vorl\u00e4ufigen Abschluss der Bauarbeiten in unserem Clubraum im Fr\u00fchjahr 1975 brachen wieder bessere Zeiten an.<\/p>\n\n\n\n<div class=\"wp-block-image\"><figure class=\"aligncenter size-full\"><img loading=\"lazy\" decoding=\"async\" width=\"800\" height=\"400\" src=\"https:\/\/launet.ch\/wp_slrgkreuzlingen\/wp-content\/uploads\/2021\/09\/Geschichte2.png\" alt=\"\" class=\"wp-image-122\" srcset=\"https:\/\/launet.ch\/wp_slrgkreuzlingen\/wp-content\/uploads\/2021\/09\/Geschichte2.png 800w, https:\/\/launet.ch\/wp_slrgkreuzlingen\/wp-content\/uploads\/2021\/09\/Geschichte2-300x150.png 300w, https:\/\/launet.ch\/wp_slrgkreuzlingen\/wp-content\/uploads\/2021\/09\/Geschichte2-768x384.png 768w\" sizes=\"auto, (max-width: 800px) 100vw, 800px\" \/><\/figure><\/div>\n\n\n\n<p>Dank wieder verst\u00e4rkten Kursak\u00adtivit\u00e4ten konnten neue Mitglieder gewonnen werden und auch der Trainingsbesuch konnte sich wieder sehen lassen.<\/p>\n\n\n\n<p>Der neu gew\u00e4hlte Presse- und Werbechef organisierte zu\u00adsammen mit einigen Aktiven aus Anlass des 10-j\u00e4hrigen Be\u00adstehens unserer Sektion eine Informationswoche, die mit ei\u00adner Vortragsreihe sowie einer grossangelegten Rettungs\u00ad\u00fcbung und Demonstration der SLRG, zusammen mit Samari\u00adtern, Sanit\u00e4t, Polizei, Feuerwehr und dem Deutschen Roten Kreuz, abgeschlossen wurde. Durch diese Veranstaltung konnte der Bekanntheitsgrad der SLRG in unserer Region gesteigert werden.<\/p>\n\n\n\n<p>In den darauffolgenden Jahren konnte die Auf- und Aus\u00adbauarbeit gezielt vorangetrieben werden, dies auch und vor allem Dank der Initiative von unseren Technischen Lei\u00adtern wie etwa Albert Stoller (1981 &#8211; 1989), die immer wieder von neuem die Mitglieder f\u00fcr Aus- und Weiterbildungskurse wie das ABC-Tauchen oder den Nothilfeinstruktor zu motivie\u00adren vermochten.<\/p>\n\n\n\n<p>Am meisten in der \u00d6ffentlichkeit in Erscheinung getreten ist unsere Sektion jedoch &#8211; seit der Gr\u00fcndung, die praktisch mit der Er\u00f6ffnung des Schwimmbades einherging &#8211; allj\u00e4hrlich im Sommer mit der Bestreitung der Badewache im Schwimm- und Strandbad &#8222;H\u00f6rnli&#8220;, wo jeweils durch gezielte \u00dcberwa\u00adchung versucht wird, den Badebetrieb m\u00f6glichst unfallfrei zu gestalten.<\/p>\n\n\n\n<p>Die 1974 gegr\u00fcndete Jugendgruppe entwickelte sich nach einer relativ kurzen Anlaufzeit ebenfalls sehr erfreulich, so\u00addass auch aus eigenen Reihen immer wieder f\u00fcr Nachwuchs gesorgt ist. Die Jugendgruppenleiter verstanden und verste\u00adhen es meist ausgezeichnet, durch ein abwechslungsreich ge\u00adstaltetes Jahresprogramm, viele Jugendliche f\u00fcr unsere Idee zu begeistern und gleichzeitig einer sinnvollen Freizeit\u00adbesch\u00e4ftigung zuzuf\u00fchren.<\/p>\n\n\n\n<div class=\"wp-block-image\"><figure class=\"aligncenter size-full\"><img loading=\"lazy\" decoding=\"async\" width=\"800\" height=\"400\" src=\"https:\/\/launet.ch\/wp_slrgkreuzlingen\/wp-content\/uploads\/2021\/09\/Geschichte3.png\" alt=\"\" class=\"wp-image-124\" srcset=\"https:\/\/launet.ch\/wp_slrgkreuzlingen\/wp-content\/uploads\/2021\/09\/Geschichte3.png 800w, https:\/\/launet.ch\/wp_slrgkreuzlingen\/wp-content\/uploads\/2021\/09\/Geschichte3-300x150.png 300w, https:\/\/launet.ch\/wp_slrgkreuzlingen\/wp-content\/uploads\/2021\/09\/Geschichte3-768x384.png 768w\" sizes=\"auto, (max-width: 800px) 100vw, 800px\" \/><\/figure><\/div>\n\n\n\n<p>Die allj\u00e4hrlich stattfindenden Schweizermeisterschaften der SLRG geben vor allem den j\u00fcngeren Aktiven Gelegenheit, sich in verschiedenen Disziplinen mit anderen Sektionen zu messen. Zudem ist es f\u00fcr alle eine gute Gelegenheit, neben dem gesellschaftlichen Kontakt den Gedankenaustausch \u00fcber neue Entwicklungen im Bereich des Wassersportes und der Wasserrettung mit anderen Sektionen und Regionen zu pflegen.<\/p>\n\n\n\n<p>Als &#8222;letzte&#8220; unserer regelm\u00e4ssigen Veranstaltungen m\u00f6chte ich noch das inzwischen bereits zur Tradition gewordene Weihnachtsschwimmen erw\u00e4hnen, das seit 1985 jedes Jahr Ende Dezember im Hallenbad \u201eEgelsee&#8220; durchgef\u00fchrt wird, wo jedermann die M\u00f6glichkeit hat, im Zeitraum von 24 Stunden (12.00 &#8211; 12.00 Uhr) auch einmal w\u00e4hrend der Nacht seine L\u00e4ngen zu absolvieren bzw. seinen K\u00f6rper wieder &#8222;fit&#8220; zu schwimmen.<\/p>\n\n\n\n<p>Zu bemerken w\u00e4re noch, dass alle Mitglieder unseres Vor\u00adstandes ehrenamtlich t\u00e4tig sind und sich in Ihrer Arbeit im Dienste der \u00d6ffentlichkeit, die doch einen grossen Teil der pers\u00f6nlichen Freizeit absorbiert, gl\u00fccklich sch\u00e4tzten, wenn sie von den Beh\u00f6rden etwas mehr unterst\u00fctzt w\u00fcrden.<\/p>\n\n\n\n<p>Wir hoffen, dass unsere Bem\u00fchungen, unserem Ziel &#8211; &#8222;Jeder Schwimmer ein Rettungsschwimmer&#8220; &#8211; Jahr f\u00fcr Jahr einen Schritt n\u00e4her zu kommen, auch in Zukunft von Erfolg gekr\u00f6nt sein werden.<\/p>\n","protected":false},"excerpt":{"rendered":"<p>Die &#8222;Ur&#8220;-Geschichte der SLRG Sektion Kreuzlingen Der nachfolgende Text wurde im 1993 durch unseren damaligen Aktuar, Werner R\u00fcegg anl\u00e4sslich unseres 25-j\u00e4hrigen Jubil\u00e4ums verfasst &#8222;62&#8220; Ortschaften in der Schweiz kannten bisher die eigene Organisation einer Lebensrettungs-Gesellschaft, deren Mit\u00adglieder das Ziel haben, dank einer gr\u00fcndlichen Ausbildung stets einsatzbereit zu sein, wo es Menschen zu retten gilt. Seit [&hellip;]<\/p>\n","protected":false},"author":2,"featured_media":117,"parent":0,"menu_order":0,"comment_status":"closed","ping_status":"closed","template":"","meta":{"footnotes":""},"class_list":["post-15","page","type-page","status-publish","has-post-thumbnail","hentry"],"_links":{"self":[{"href":"https:\/\/launet.ch\/wp_slrgkreuzlingen\/wp-json\/wp\/v2\/pages\/15","targetHints":{"allow":["GET"]}}],"collection":[{"href":"https:\/\/launet.ch\/wp_slrgkreuzlingen\/wp-json\/wp\/v2\/pages"}],"about":[{"href":"https:\/\/launet.ch\/wp_slrgkreuzlingen\/wp-json\/wp\/v2\/types\/page"}],"author":[{"embeddable":true,"href":"https:\/\/launet.ch\/wp_slrgkreuzlingen\/wp-json\/wp\/v2\/users\/2"}],"replies":[{"embeddable":true,"href":"https:\/\/launet.ch\/wp_slrgkreuzlingen\/wp-json\/wp\/v2\/comments?post=15"}],"version-history":[{"count":4,"href":"https:\/\/launet.ch\/wp_slrgkreuzlingen\/wp-json\/wp\/v2\/pages\/15\/revisions"}],"predecessor-version":[{"id":125,"href":"https:\/\/launet.ch\/wp_slrgkreuzlingen\/wp-json\/wp\/v2\/pages\/15\/revisions\/125"}],"wp:featuredmedia":[{"embeddable":true,"href":"https:\/\/launet.ch\/wp_slrgkreuzlingen\/wp-json\/wp\/v2\/media\/117"}],"wp:attachment":[{"href":"https:\/\/launet.ch\/wp_slrgkreuzlingen\/wp-json\/wp\/v2\/media?parent=15"}],"curies":[{"name":"wp","href":"https:\/\/api.w.org\/{rel}","templated":true}]}}