{"id":53,"date":"2021-08-17T18:38:29","date_gmt":"2021-08-17T18:38:29","guid":{"rendered":"https:\/\/launet.ch\/wp_slrgkreuzlingen\/?page_id=53"},"modified":"2021-09-09T18:25:07","modified_gmt":"2021-09-09T18:25:07","slug":"kurse-unserer-sektion","status":"publish","type":"page","link":"https:\/\/launet.ch\/wp_slrgkreuzlingen\/kurse-unserer-sektion\/","title":{"rendered":"Kurse unserer Sektion"},"content":{"rendered":"\n<p>Unf\u00e4lle erfordern rasches und \u00fcberlegtes Handeln.<br>Oft entscheiden Minuten \u00fcber ein Menschenleben.<br>W\u00fcrden Sie in einer Notsituation sofort richtig handeln?<\/p>\n\n\n\n<p>Es gibt sicher Situationen, die weniger klar sind und bei denen Mann wie Frau es sich zweimal \u00fcberlegt, ob er oder sie eingreifen will.<br>In vielen F\u00e4llen k\u00f6nnte man jedoch helfen: aber wie?<\/p>\n\n\n\n<p>Wir vermitteln Ihnen das n\u00f6tige Wissen und die n\u00f6tige Sicherheit.<br>Lernen Sie Leben retten, besuchen Sie unsere Kurse!<\/p>\n\n\n\n<p><img loading=\"lazy\" decoding=\"async\" width=\"24\" height=\"13\" class=\"wp-image-107\" style=\"width: 24px;\" src=\"https:\/\/launet.ch\/wp_slrgkreuzlingen\/wp-content\/uploads\/2021\/09\/Arrow.png\" alt=\"\"> <a rel=\"noreferrer noopener\" href=\"https:\/\/ausbildung.slrg.ch\/Kurskalender\" target=\"_blank\">Zum Kurskalender<\/a><\/p>\n\n\n\n<p><img loading=\"lazy\" decoding=\"async\" width=\"24\" height=\"13\" class=\"wp-image-107\" style=\"width: 24px;\" src=\"https:\/\/launet.ch\/wp_slrgkreuzlingen\/wp-content\/uploads\/2021\/09\/Arrow.png\" alt=\"\"> <a rel=\"noreferrer noopener\" href=\"https:\/\/www.slrg.ch\/de\/ausbildung\/grundausbildung.html\" data-type=\"URL\" data-id=\"https:\/\/www.slrg.ch\/de\/ausbildung\/grundausbildung.html\" target=\"_blank\">Informationen zur Grundausbildung der SLRG<\/a><\/p>\n","protected":false},"excerpt":{"rendered":"<p>Unf\u00e4lle erfordern rasches und \u00fcberlegtes Handeln.Oft entscheiden Minuten \u00fcber ein Menschenleben.W\u00fcrden Sie in einer Notsituation sofort richtig handeln? Es gibt sicher Situationen, die weniger klar sind und bei denen Mann wie Frau es sich zweimal \u00fcberlegt, ob er oder sie eingreifen will.In vielen F\u00e4llen k\u00f6nnte man jedoch helfen: aber wie? Wir vermitteln Ihnen das n\u00f6tige [&hellip;]<\/p>\n","protected":false},"author":2,"featured_media":110,"parent":0,"menu_order":0,"comment_status":"closed","ping_status":"closed","template":"","meta":{"footnotes":""},"class_list":["post-53","page","type-page","status-publish","has-post-thumbnail","hentry"],"_links":{"self":[{"href":"https:\/\/launet.ch\/wp_slrgkreuzlingen\/wp-json\/wp\/v2\/pages\/53","targetHints":{"allow":["GET"]}}],"collection":[{"href":"https:\/\/launet.ch\/wp_slrgkreuzlingen\/wp-json\/wp\/v2\/pages"}],"about":[{"href":"https:\/\/launet.ch\/wp_slrgkreuzlingen\/wp-json\/wp\/v2\/types\/page"}],"author":[{"embeddable":true,"href":"https:\/\/launet.ch\/wp_slrgkreuzlingen\/wp-json\/wp\/v2\/users\/2"}],"replies":[{"embeddable":true,"href":"https:\/\/launet.ch\/wp_slrgkreuzlingen\/wp-json\/wp\/v2\/comments?post=53"}],"version-history":[{"count":3,"href":"https:\/\/launet.ch\/wp_slrgkreuzlingen\/wp-json\/wp\/v2\/pages\/53\/revisions"}],"predecessor-version":[{"id":109,"href":"https:\/\/launet.ch\/wp_slrgkreuzlingen\/wp-json\/wp\/v2\/pages\/53\/revisions\/109"}],"wp:featuredmedia":[{"embeddable":true,"href":"https:\/\/launet.ch\/wp_slrgkreuzlingen\/wp-json\/wp\/v2\/media\/110"}],"wp:attachment":[{"href":"https:\/\/launet.ch\/wp_slrgkreuzlingen\/wp-json\/wp\/v2\/media?parent=53"}],"curies":[{"name":"wp","href":"https:\/\/api.w.org\/{rel}","templated":true}]}}